{"id":788,"date":"2025-06-19T11:24:54","date_gmt":"2025-06-19T11:24:54","guid":{"rendered":"https:\/\/redchilli.ee\/yellow\/toode\/india-krobe-nuudliroog-pahkli-ja-masalakastmega\/"},"modified":"2025-08-26T18:35:13","modified_gmt":"2025-08-26T15:35:13","slug":"india-krobe-nuudliroog-pahkli-ja-masalakastmega","status":"publish","type":"product","link":"https:\/\/chillirestoranid.ee\/yellow\/toode\/india-krobe-nuudliroog-pahkli-ja-masalakastmega\/","title":{"rendered":"India kr\u00f5be nuudliroog p\u00e4hkli- ja masalakastmega*"},"content":{"rendered":"<p>Nuudliroog kana, sibula, paprika, tomati ja India p\u00e4hklitega masalakastmes<\/p>\n","protected":false},"excerpt":{"rendered":"<p>Nuudliroog kana, sibula, paprika, tomati ja India p\u00e4hklitega masalakastmes<\/p>\n","protected":false},"featured_media":0,"template":"","meta":[],"product_brand":[],"product_cat":[45],"product_tag":[],"class_list":{"0":"post-788","1":"product","2":"type-product","3":"status-publish","5":"product_cat-nuudliroad","7":"first","8":"instock","9":"taxable","10":"shipping-taxable","11":"product-type-simple"},"jetpack_sharing_enabled":true,"_links":{"self":[{"href":"https:\/\/chillirestoranid.ee\/yellow\/wp-json\/wp\/v2\/product\/788","targetHints":{"allow":["GET"]}}],"collection":[{"href":"https:\/\/chillirestoranid.ee\/yellow\/wp-json\/wp\/v2\/product"}],"about":[{"href":"https:\/\/chillirestoranid.ee\/yellow\/wp-json\/wp\/v2\/types\/product"}],"wp:attachment":[{"href":"https:\/\/chillirestoranid.ee\/yellow\/wp-json\/wp\/v2\/media?parent=788"}],"wp:term":[{"taxonomy":"product_brand","embeddable":true,"href":"https:\/\/chillirestoranid.ee\/yellow\/wp-json\/wp\/v2\/product_brand?post=788"},{"taxonomy":"product_cat","embeddable":true,"href":"https:\/\/chillirestoranid.ee\/yellow\/wp-json\/wp\/v2\/product_cat?post=788"},{"taxonomy":"product_tag","embeddable":true,"href":"https:\/\/chillirestoranid.ee\/yellow\/wp-json\/wp\/v2\/product_tag?post=788"}],"curies":[{"name":"wp","href":"https:\/\/api.w.org\/{rel}","templated":true}]}}