{"id":742,"date":"2025-06-19T11:24:52","date_gmt":"2025-06-19T11:24:52","guid":{"rendered":"https:\/\/redchilli.ee\/yellow\/toode\/kanaliha-kung-pao\/"},"modified":"2025-08-26T23:43:21","modified_gmt":"2025-08-26T20:43:21","slug":"kanaliha-kung-pao","status":"publish","type":"product","link":"https:\/\/chillirestoranid.ee\/yellow\/toode\/kanaliha-kung-pao\/","title":{"rendered":"Kanaliha Kung Pao**"},"content":{"rendered":"<p>Kr\u00f5bedaks praetud k\u00f6\u00f6giviljad ja kana p\u00e4hklitega magusas t\u0161illikastmes<\/p>\n","protected":false},"excerpt":{"rendered":"<p>Kr\u00f5bedaks praetud k\u00f6\u00f6giviljad ja kana p\u00e4hklitega magusas t\u0161illikastmes<\/p>\n","protected":false},"featured_media":982,"template":"","meta":[],"product_brand":[],"product_cat":[22,27],"product_tag":[],"class_list":{"0":"post-742","1":"product","2":"type-product","3":"status-publish","4":"has-post-thumbnail","6":"product_cat-eelroad","7":"product_cat-hiinaparased-road","9":"first","10":"instock","11":"taxable","12":"shipping-taxable","13":"product-type-simple"},"jetpack_sharing_enabled":true,"_links":{"self":[{"href":"https:\/\/chillirestoranid.ee\/yellow\/wp-json\/wp\/v2\/product\/742","targetHints":{"allow":["GET"]}}],"collection":[{"href":"https:\/\/chillirestoranid.ee\/yellow\/wp-json\/wp\/v2\/product"}],"about":[{"href":"https:\/\/chillirestoranid.ee\/yellow\/wp-json\/wp\/v2\/types\/product"}],"wp:featuredmedia":[{"embeddable":true,"href":"https:\/\/chillirestoranid.ee\/yellow\/wp-json\/wp\/v2\/media\/982"}],"wp:attachment":[{"href":"https:\/\/chillirestoranid.ee\/yellow\/wp-json\/wp\/v2\/media?parent=742"}],"wp:term":[{"taxonomy":"product_brand","embeddable":true,"href":"https:\/\/chillirestoranid.ee\/yellow\/wp-json\/wp\/v2\/product_brand?post=742"},{"taxonomy":"product_cat","embeddable":true,"href":"https:\/\/chillirestoranid.ee\/yellow\/wp-json\/wp\/v2\/product_cat?post=742"},{"taxonomy":"product_tag","embeddable":true,"href":"https:\/\/chillirestoranid.ee\/yellow\/wp-json\/wp\/v2\/product_tag?post=742"}],"curies":[{"name":"wp","href":"https:\/\/api.w.org\/{rel}","templated":true}]}}