{"id":11,"date":"2025-07-28T20:12:02","date_gmt":"2025-07-28T17:12:02","guid":{"rendered":"https:\/\/redchilli.ee\/yellow\/?page_id=11"},"modified":"2026-04-11T18:21:51","modified_gmt":"2026-04-11T15:21:51","slug":"muugitingimused","status":"publish","type":"page","link":"https:\/\/chillirestoranid.ee\/yellow\/muugitingimused\/","title":{"rendered":"M\u00fc\u00fcgitingimused"},"content":{"rendered":"\n<p>Veebipoe chillirestoranid.ee\/yellow (edaspidi Veebipood) omanik on  BalI71 O\u00dc, 14231387, asukohaga N\u00e4ituse 7, Tartu linn, Tartu maakond.<\/p>\n\n\n\n<p><strong>M\u00fc\u00fcgilepingu kehtivus, kauba- ja hinnainfo<\/strong><\/p>\n\n\n\n<p>M\u00fc\u00fcgitingimused kehtivad Veebipoest kaupade ostmisel.<\/p>\n\n\n\n<p>Veebipoes m\u00fc\u00fcdavate toodete hinnad on m\u00e4rgitud toodete juurde. Hinnale lisandub tasu kauba k\u00e4ttetoimetamise eest juhul kui kasutatakse k\u00e4ttetoimetamise teenust. K\u00f5ik veebipoes m\u00fc\u00fcdavate kaupade hinnad on eurodes.<\/p>\n\n\n\n<p>Kauba k\u00e4ttetoimetamise tasu s\u00f5ltub ostja asukohast ning k\u00e4ttetoimetamise viisist. K\u00e4ttetoimetamise tasu kuvatakse ostjale tellimuse vormistamisel.<\/p>\n\n\n\n<p>Teave kauba kohta on esitatud Veebipoes vahetult kauba juures.<\/p>\n\n\n\n<p><strong>Tellimuse vormistamine<\/strong><\/p>\n\n\n\n<p>Kauba tellimiseks tuleb lisada soovitud tooted ostukorvi. Tellimuse vormistamiseks tuleb t\u00e4ita n\u00f5utud andmev\u00e4ljad ning valida sobiv toodete kohaletoimetamise viis. Seej\u00e4rel kuvatakse ekraanile tasu suurus, mille saab tasuda turvaliselt l\u00e4bi j\u00e4rgnevate makseviiside:<\/p>\n\n\n\n<ul class=\"wp-block-list\">\n<li>Eesti pangamaksed: Swedbank, SEB, Luminor, LHV, Coop Pank, Citadele, Pocopay<\/li>\n<\/ul>\n\n\n\n<p>NB! Pangalingiga tasumisel vajutada kindlasti panga lehel nupule \u201eTagasi kaupmehe juurde\u201c.<\/p>\n\n\n\n<p>Makseid vahendab <a href=\"http:\/\/www.maksekeskus.ee\" target=\"_blank\" rel=\"noreferrer noopener\">Maksekeskus AS<\/a>. Tasumine toimub v\u00e4ljaspool Veebipoodi turvalises keskkonnas \u2013 pangalingiga tasumisel vastava panga turvalises keskkonnas ja krediitkaardiga tasumisel Maksekeskus AS turvalises keskkonnas. M\u00fc\u00fcjal puudub ligip\u00e4\u00e4s kliendi panga ja krediitkaardi andmetele. Leping j\u00f5ustub alates tasumisele kuuluva summa laekumisest Veebipoe arvelduskontole.<\/p>\n\n\n\n<p>Veebipoe omanik on isikuandmete vastutav t\u00f6\u00f6tleja ning edastab maksete teostamiseks vajalikud isikuandmed volitatud t\u00f6\u00f6tleja Maksekeskus AS-le.<\/p>\n\n\n\n<p>Kui tellitud kaupa ei ole v\u00f5imalik tarnida seoses kauba l\u00f5ppemisega v\u00f5i muul p\u00f5hjusel, teavitatakse sellest ostjat esimesel v\u00f5imalusel ning tagastatakse tasutud raha (sh kauba k\u00e4ttetoimetamise kulud) viivitamata, kuid mitte hiljem kui 14 p\u00e4eva jooksul teate saatmisest.<\/p>\n\n\n\n<p><strong>Kauba k\u00e4ttesaamine<\/strong><\/p>\n\n\n\n<p>Kauba k\u00e4ttesaamiseks on ostjal v\u00f5imalus tulla m\u00fc\u00fcgikohta j\u00e4rgi aadressile V\u00f5ru tn 132a, 50111 Tartu<\/p>\n\n\n\n<p><strong>Tagastamise v\u00f5imalikkus<\/strong><\/p>\n\n\n\n<p>Hetkel ei paku me tagastamist toiduainetele, kuna need on tarbimiseks m\u00f5eldud ja v\u00f5ivad terviseohu t\u00f5ttu olla tagastamisele piiratud. Kui toode ei vasta teie ootustele v\u00f5i on defektne, v\u00f5tke meiega \u00fchendust ja me p\u00fc\u00fcame leida sobiva lahenduse.<\/p>\n\n\n\n<p><strong>Defektsete toodete asendamine<\/strong><\/p>\n\n\n\n<p>Kui olete saanud defektse v\u00f5i rikkis toote, v\u00f5tke meiega \u00fchendust hiljemalt 24 tunni jooksul p\u00e4rast kohaletoimetamist. Pakume v\u00e4lja v\u00f5imalused defektse toote asendamiseks vastavalt meie v\u00f5imalustele.<\/p>\n\n\n\n<p><strong>Tagastamise protsess<\/strong><\/p>\n\n\n\n<p>Kui teil on tekkinud k\u00fcsimusi v\u00f5i muresid seoses tellitud toodetega, v\u00f5tke meiega \u00fchendust e-posti teel aadressil chillirestoran@gmail.com v\u00f5i telefoni teel numbril +372 5780 0407. Meie klienditeeninduse meeskond on valmis teid abistama.<\/p>\n\n\n\n<p><strong>Pretensiooni esitamise \u00f5igus<\/strong><\/p>\n\n\n\n<p>Klientide rahulolu on meie jaoks esmat\u00e4htis ning me p\u00fc\u00fcame tagada, et meie tooted ja teenused vastaksid k\u00f5rgeimatele standarditele. Kui teil on tekkinud probleeme v\u00f5i olete toote v\u00f5i teenusega rahulolematu, palume teil esitada pretensioon vastavalt j\u00e4rgmistele juhistele:<\/p>\n\n\n\n<ol class=\"wp-block-list\">\n<li><strong>Kontakteeruge meiega<\/strong>: Kui teil on probleeme meie toodete v\u00f5i teenustega, v\u00f5tke \u00fchendust e-posti teel aadressil chillirestoran@gmail.com v\u00f5i telefoni teel numbril +372 5780 0407.<\/li>\n\n\n\n<li><strong>Kirjeldage probleemi<\/strong>: Palun kirjeldage \u00fcksikasjalikult oma probleemi.<\/li>\n\n\n\n<li><strong>Esitage t\u00f5endeid<\/strong>: Kui v\u00f5imalik, esitage meile t\u00f5endid v\u00f5i fotosid, mis n\u00e4itavad probleemi v\u00f5i defekti.<\/li>\n\n\n\n<li><strong>Lahenduse leidmine<\/strong>: P\u00e4rast teie pretensiooni saamist teeme k\u00f5ik endast oleneva, et leida lahendus ja tagada teie rahulolu. See v\u00f5ib h\u00f5lmata toote asendamist, tagastamist v\u00f5i muud kokkuleppelist lahendust.<\/li>\n\n\n\n<li><strong>Tagasiside<\/strong>: P\u00e4rast probleemi lahendamist v\u00f5i pretensiooni menetlemist palume teil anda meile tagasisidet meie teenuse kohta. Teie tagasiside aitab meil paremini m\u00f5ista klientide vajadusi ja parandada meie teenuseid tulevikus.<\/li>\n<\/ol>\n\n\n\n<p><strong>Otseturustus ja isikuandmete t\u00f6\u00f6tlemine<\/strong><\/p>\n\n\n\n<p>Veebipood kasutab ostja poolt sisestatud isikuandmeid ainult tellimuse t\u00f6\u00f6tlemiseks ning kauba ostjale saatmiseks. Veebipood edastab isikuandmeid veoteenust pakkuvale ettev\u00f5tetele selleks, et kohale toimetada kaupa.<\/p>\n\n\n\n<p>Veebipood v\u00f5ib saata ostjale uudiskirju ning pakkumisi ostja e-maili aadressile ainult juhul, kui ostja on selleks avaldanud soovi sisestades veebilehel e-kirja aadressi ning andnud teada oma soovist otsepostituse teadete saamiseks.<\/p>\n\n\n\n<p>Ostjal on igal ajal v\u00f5imalik loobuda e-postile saadetavatest pakkumistest ja uudiskirjadest andes sellest meile teada e-kirja teel v\u00f5i j\u00e4rgides pakkumisi sisaldava e-kirjas toodud juhiseid.<\/p>\n\n\n\n<p><strong>Vaidluste lahendamine<\/strong><\/p>\n\n\n\n<p>Kui ostjal on Veebipoe osas pretensioone, tuleb need saata e-kirja aadressile chillirestoran@gmail.com v\u00f5i helistada telefonil: +5780 0407<\/p>\n\n\n\n<p>Kui ostja ja Veebipood ei suuda lahendada vaidlust kokkuleppe teel, siis on ostjal v\u00f5imalik p\u00f6\u00f6rduda Tarbijavaidluste komisjoni poole. Menetlustingimustega saab tutvuda ning avaldust esitada <a href=\"https:\/\/komisjon.ee\/et\/avalduse-esitamine\" target=\"_blank\" rel=\"noreferrer noopener\">siin<\/a>. Tarbijavaidluste komisjoni p\u00e4devuses on lahendada ostja ja Veebipoe vahel s\u00f5lmitud lepingust tulenevaid vaidlusi. Ostja kaebuse l\u00e4bivaatamine komisjonis on tasuta.<\/p>\n\n\n\n<p>Ostja v\u00f5ib p\u00f6\u00f6rduda Euroopa Liidu tarbijavaidlusi lahendava platvormi <a href=\"https:\/\/ec.europa.eu\/consumers\/odr\/main\/index.cfm?event=main.home2.show&amp;lng=ET\" target=\"_blank\" rel=\"noreferrer noopener\">poole<\/a>.<\/p>\n","protected":false},"excerpt":{"rendered":"<p>Veebipoe chillirestoranid.ee\/yellow (edaspidi Veebipood) omanik on BalI71 O\u00dc, 14231387, asukohaga N\u00e4ituse 7, Tartu linn, Tartu maakond. M\u00fc\u00fcgilepingu kehtivus, kauba- ja hinnainfo M\u00fc\u00fcgitingimused kehtivad Veebipoest kaupade ostmisel. Veebipoes m\u00fc\u00fcdavate toodete hinnad on m\u00e4rgitud toodete juurde. Hinnale lisandub tasu kauba k\u00e4ttetoimetamise eest juhul kui kasutatakse k\u00e4ttetoimetamise teenust. K\u00f5ik veebipoes m\u00fc\u00fcdavate kaupade hinnad on eurodes. Kauba k\u00e4ttetoimetamise tasu [&hellip;]<\/p>\n","protected":false},"author":1,"featured_media":0,"parent":0,"menu_order":0,"comment_status":"closed","ping_status":"closed","template":"","meta":{"footnotes":""},"class_list":["post-11","page","type-page","status-publish","hentry"],"jetpack_sharing_enabled":true,"_links":{"self":[{"href":"https:\/\/chillirestoranid.ee\/yellow\/wp-json\/wp\/v2\/pages\/11","targetHints":{"allow":["GET"]}}],"collection":[{"href":"https:\/\/chillirestoranid.ee\/yellow\/wp-json\/wp\/v2\/pages"}],"about":[{"href":"https:\/\/chillirestoranid.ee\/yellow\/wp-json\/wp\/v2\/types\/page"}],"author":[{"embeddable":true,"href":"https:\/\/chillirestoranid.ee\/yellow\/wp-json\/wp\/v2\/users\/1"}],"replies":[{"embeddable":true,"href":"https:\/\/chillirestoranid.ee\/yellow\/wp-json\/wp\/v2\/comments?post=11"}],"version-history":[{"count":2,"href":"https:\/\/chillirestoranid.ee\/yellow\/wp-json\/wp\/v2\/pages\/11\/revisions"}],"predecessor-version":[{"id":1164,"href":"https:\/\/chillirestoranid.ee\/yellow\/wp-json\/wp\/v2\/pages\/11\/revisions\/1164"}],"wp:attachment":[{"href":"https:\/\/chillirestoranid.ee\/yellow\/wp-json\/wp\/v2\/media?parent=11"}],"curies":[{"name":"wp","href":"https:\/\/api.w.org\/{rel}","templated":true}]}}